{"id":5,"date":"2020-02-04T16:25:14","date_gmt":"2020-02-04T16:25:14","guid":{"rendered":"http:\/\/torhaus-muc.org\/?page_id=5"},"modified":"2022-04-04T14:39:12","modified_gmt":"2022-04-04T14:39:12","slug":"torhaus-splash","status":"publish","type":"page","link":"https:\/\/torhaus-muc.org\/","title":{"rendered":"Torhaus-Home"},"content":{"rendered":"\t\t<div data-elementor-type=\"wp-page\" data-elementor-id=\"5\" class=\"elementor elementor-5\">\n\t\t\t\t\t\t\t\t\t<section class=\"elementor-section elementor-top-section elementor-element elementor-element-a3db368 elementor-section-height-full elementor-section-content-middle elementor-section-boxed elementor-section-height-default elementor-section-items-middle\" data-id=\"a3db368\" data-element_type=\"section\" data-settings=\"{&quot;background_background&quot;:&quot;slideshow&quot;,&quot;background_slideshow_gallery&quot;:[{&quot;id&quot;:70,&quot;url&quot;:&quot;http:\\\/\\\/torhaus-muc.org\\\/wp-content\\\/uploads\\\/2020\\\/02\\\/Art-bln_4871.jpg&quot;},{&quot;id&quot;:68,&quot;url&quot;:&quot;http:\\\/\\\/torhaus-muc.org\\\/wp-content\\\/uploads\\\/2020\\\/02\\\/St\\u00fchle_4954.jpg&quot;},{&quot;id&quot;:71,&quot;url&quot;:&quot;http:\\\/\\\/torhaus-muc.org\\\/wp-content\\\/uploads\\\/2020\\\/02\\\/Musik-still_6204.jpg&quot;},{&quot;id&quot;:72,&quot;url&quot;:&quot;http:\\\/\\\/torhaus-muc.org\\\/wp-content\\\/uploads\\\/2020\\\/02\\\/Kolbermoor_6235.jpg&quot;},{&quot;id&quot;:57,&quot;url&quot;:&quot;http:\\\/\\\/torhaus-muc.org\\\/wp-content\\\/uploads\\\/2020\\\/02\\\/OAgau_5027.jpg&quot;},{&quot;id&quot;:73,&quot;url&quot;:&quot;http:\\\/\\\/torhaus-muc.org\\\/wp-content\\\/uploads\\\/2020\\\/02\\\/Lenbachhaus_5990.jpg&quot;}],&quot;background_slideshow_ken_burns&quot;:&quot;yes&quot;,&quot;background_slideshow_loop&quot;:&quot;yes&quot;,&quot;background_slideshow_slide_duration&quot;:5000,&quot;background_slideshow_slide_transition&quot;:&quot;fade&quot;,&quot;background_slideshow_transition_duration&quot;:500,&quot;background_slideshow_ken_burns_zoom_direction&quot;:&quot;in&quot;}\">\n\t\t\t\t\t\t<div class=\"elementor-container elementor-column-gap-default\">\n\t\t\t\t\t<div class=\"elementor-column elementor-col-25 elementor-top-column elementor-element elementor-element-f776dd0\" data-id=\"f776dd0\" data-element_type=\"column\">\n\t\t\t<div class=\"elementor-widget-wrap\">\n\t\t\t\t\t\t\t\t\t<\/div>\n\t\t<\/div>\n\t\t\t\t<div class=\"elementor-column elementor-col-50 elementor-top-column elementor-element elementor-element-3158b79\" data-id=\"3158b79\" data-element_type=\"column\" data-settings=\"{&quot;background_background&quot;:&quot;classic&quot;}\">\n\t\t\t<div class=\"elementor-widget-wrap elementor-element-populated\">\n\t\t\t\t\t\t\t\t<div class=\"elementor-element elementor-element-667b1c4 elementor-widget elementor-widget-lae-heading\" data-id=\"667b1c4\" data-element_type=\"widget\" data-widget_type=\"lae-heading.default\">\n\t\t\t\t<div class=\"elementor-widget-container\">\n\t\t\t\n<div class=\"lae-heading lae-style2 lae-aligncenter  lae-animate-on-scroll lae-visible-on-scroll\"  data-animation=&quot;fadeIn&quot;>\n\n    \n        <div class=\"lae-subtitle\">Wir sagen:<\/div>\n\n    \n    <h3 class=\"lae-title\">M\u00dcNCHEN BRAUCHT KULTUR<\/h3>\n\n    \n        <p class=\"lae-text\">und sie k\u00f6nnen mitmachen!<\/p>\n\n    \n<\/div><!-- .lae-heading -->\t\t<\/div>\n\t\t\t\t<\/div>\n\t\t\t\t\t<\/div>\n\t\t<\/div>\n\t\t\t\t<div class=\"elementor-column elementor-col-25 elementor-top-column elementor-element elementor-element-a86be86\" data-id=\"a86be86\" data-element_type=\"column\">\n\t\t\t<div class=\"elementor-widget-wrap\">\n\t\t\t\t\t\t\t\t\t<\/div>\n\t\t<\/div>\n\t\t\t\t\t\t\t<\/div>\n\t\t<\/section>\n\t\t\t\t<section class=\"elementor-section elementor-top-section elementor-element elementor-element-739e3c0 elementor-section-boxed elementor-section-height-default elementor-section-height-default\" data-id=\"739e3c0\" data-element_type=\"section\">\n\t\t\t\t\t\t<div class=\"elementor-container elementor-column-gap-default\">\n\t\t\t\t\t<div class=\"elementor-column elementor-col-100 elementor-top-column elementor-element elementor-element-fa673e9\" data-id=\"fa673e9\" data-element_type=\"column\">\n\t\t\t<div class=\"elementor-widget-wrap elementor-element-populated\">\n\t\t\t\t\t\t\t\t<div class=\"elementor-element elementor-element-42f352d elementor-widget-divider--view-line elementor-widget elementor-widget-divider\" data-id=\"42f352d\" data-element_type=\"widget\" data-widget_type=\"divider.default\">\n\t\t\t\t<div class=\"elementor-widget-container\">\n\t\t\t\t\t<div class=\"elementor-divider\">\n\t\t\t<span class=\"elementor-divider-separator\">\n\t\t\t\t\t\t<\/span>\n\t\t<\/div>\n\t\t\t\t<\/div>\n\t\t\t\t<\/div>\n\t\t\t\t<div class=\"elementor-element elementor-element-366c58a elementor-widget elementor-widget-lae-services\" data-id=\"366c58a\" data-element_type=\"widget\" data-widget_type=\"lae-services.default\">\n\t\t\t\t<div class=\"elementor-widget-container\">\n\t\t\t\n\n<div class=\"lae-services lae-services-style1 lae-uber-grid-container  lae-grid-auto-column-layout\" >\n\n    \n        \n        \n        \n<div class=\"lae-service \" >\n\n    \n        \n        <div class=\"lae-icon-wrapper\">\n\n            <i aria-hidden=\"true\" class=\"fas fa-paint-brush\"><\/i>\n        <\/div>\n\n    \n    <div class=\"lae-service-text\">\n\n        <h3 class=\"lae-title\">Kunst<\/h3>\n        <div class=\"lae-service-details\"><i>Substantiv, feminin [die]\n<br><\/i>\nsch\u00f6pferisches Gestalten aus den verschiedensten Materialien oder mit den Mitteln der Sprache, der T\u00f6ne in Auseinandersetzung mit Natur und Welt\n<\/div>\n\n    <\/div><!-- .lae-service-text -->\n\n<\/div><!-- .lae-service -->\n    \n        \n        \n        \n<div class=\"lae-service \" >\n\n    \n        \n        <div class=\"lae-icon-wrapper\">\n\n            <i aria-hidden=\"true\" class=\"fas fa-microphone-alt\"><\/i>\n        <\/div>\n\n    \n    <div class=\"lae-service-text\">\n\n        <h3 class=\"lae-title\">Kultur<\/h3>\n        <div class=\"lae-service-details\"><i>Substantiv, feminin [die]\n<br><\/i>\nGesamtheit der geistigen, k\u00fcnstlerischen, gestaltenden Leistungen einer Gemeinschaft als Ausdruck menschlicher H\u00f6herentwicklung\n<\/div>\n\n    <\/div><!-- .lae-service-text -->\n\n<\/div><!-- .lae-service -->\n    \n        \n        \n        \n<div class=\"lae-service \" >\n\n    \n        \n        <div class=\"lae-icon-wrapper\">\n\n            <i aria-hidden=\"true\" class=\"fas fa-female\"><\/i>\n        <\/div>\n\n    \n    <div class=\"lae-service-text\">\n\n        <h3 class=\"lae-title\">Mensch<\/h3>\n        <div class=\"lae-service-details\"><i>Substantiv, maskulin [der]\n<br><\/i>\nmit der F\u00e4higkeit zu logischem Denken und zur Sprache, zur sittlichen Entscheidung und Erkenntnis von Gut und B\u00f6se ausgestattetes h\u00f6chstentwickeltes Lebewesen<\/div>\n\n    <\/div><!-- .lae-service-text -->\n\n<\/div><!-- .lae-service -->\n    \n<\/div><!-- .lae-services -->\n\n<div class=\"lae-clear\"><\/div>\t\t<\/div>\n\t\t\t\t<\/div>\n\t\t\t\t<div class=\"elementor-element elementor-element-f9db5bd elementor-widget-divider--view-line elementor-widget elementor-widget-divider\" data-id=\"f9db5bd\" data-element_type=\"widget\" data-widget_type=\"divider.default\">\n\t\t\t\t<div class=\"elementor-widget-container\">\n\t\t\t\t\t<div class=\"elementor-divider\">\n\t\t\t<span class=\"elementor-divider-separator\">\n\t\t\t\t\t\t<\/span>\n\t\t<\/div>\n\t\t\t\t<\/div>\n\t\t\t\t<\/div>\n\t\t\t\t\t<\/div>\n\t\t<\/div>\n\t\t\t\t\t\t\t<\/div>\n\t\t<\/section>\n\t\t\t\t<section class=\"elementor-section elementor-top-section elementor-element elementor-element-0860f18 elementor-section-boxed elementor-section-height-default elementor-section-height-default\" data-id=\"0860f18\" data-element_type=\"section\">\n\t\t\t\t\t\t<div class=\"elementor-container elementor-column-gap-default\">\n\t\t\t\t\t<div class=\"elementor-column elementor-col-100 elementor-top-column elementor-element elementor-element-db75528\" data-id=\"db75528\" data-element_type=\"column\">\n\t\t\t<div class=\"elementor-widget-wrap elementor-element-populated\">\n\t\t\t\t\t\t\t\t<div class=\"elementor-element elementor-element-28cbf35 elementor-widget elementor-widget-heading\" data-id=\"28cbf35\" data-element_type=\"widget\" data-widget_type=\"heading.default\">\n\t\t\t\t<div class=\"elementor-widget-container\">\n\t\t\t<h2 class=\"elementor-heading-title elementor-size-default\">Aus Schwabing wieder Schwabing machen<\/h2>\t\t<\/div>\n\t\t\t\t<\/div>\n\t\t\t\t<div class=\"elementor-element elementor-element-89238ba elementor-widget elementor-widget-text-editor\" data-id=\"89238ba\" data-element_type=\"widget\" data-widget_type=\"text-editor.default\">\n\t\t\t\t<div class=\"elementor-widget-container\">\n\t\t\t\t\t\t\t<p>\u00a0<\/p><p>Jeder kennt sicherlich die mittlerweile zum Schwabinger Kult gewordenen Serien wie M\u00fcnchner Gschichten, Monaco Franze oder Kir Royal, das war einmal&#8230; Aber was ist jetzt und was wird werden? Gef\u00fchlt h\u00f6rt Schwabing an der M\u00fcnchner Freiheit auf, das war auch einmal&#8230; Jetzt reicht unser Schwabing (das durch seine kulturelle Vielfalt weltber\u00fchmt wurde) bis nach Freimann.<span class=\"Apple-converted-space\">\u00a0<\/span><\/p><p>Wir wollen verbinden, vernetzen, zeigen dass Schwabing lebendig ist wie eh und je. Wir haben uns zum Ziel gesetzt \u00fcber die Wiederbelebung von Schwabinger Kultur und Kunst unseren Stadtteil neu zu positionieren.<span class=\"Apple-converted-space\">\u00a0<\/span><\/p><p><span style=\"text-decoration: underline;\">Also <\/span><br \/>\u201e<i>a bisserl was geht immer&#8230;\u201c<\/i><span class=\"Apple-converted-space\">\u00a0 <\/span>,<span class=\"Apple-converted-space\">\u00a0<\/span><\/p><p><span style=\"text-decoration: underline;\">besser<\/span><br \/><i>\u201evielleicht a bisserl mehr&#8230;\u201c<\/i><\/p>\t\t\t\t\t\t<\/div>\n\t\t\t\t<\/div>\n\t\t\t\t<div class=\"elementor-element elementor-element-8b9f12c elementor-widget-divider--view-line elementor-widget elementor-widget-divider\" data-id=\"8b9f12c\" data-element_type=\"widget\" data-widget_type=\"divider.default\">\n\t\t\t\t<div class=\"elementor-widget-container\">\n\t\t\t\t\t<div class=\"elementor-divider\">\n\t\t\t<span class=\"elementor-divider-separator\">\n\t\t\t\t\t\t<\/span>\n\t\t<\/div>\n\t\t\t\t<\/div>\n\t\t\t\t<\/div>\n\t\t\t\t\t<\/div>\n\t\t<\/div>\n\t\t\t\t\t\t\t<\/div>\n\t\t<\/section>\n\t\t\t\t<section class=\"elementor-section elementor-top-section elementor-element elementor-element-342698d elementor-section-boxed elementor-section-height-default elementor-section-height-default\" data-id=\"342698d\" data-element_type=\"section\" data-settings=\"{&quot;background_background&quot;:&quot;classic&quot;}\">\n\t\t\t\t\t\t<div class=\"elementor-container elementor-column-gap-default\">\n\t\t\t\t\t<div class=\"elementor-column elementor-col-100 elementor-top-column elementor-element elementor-element-d74797a\" data-id=\"d74797a\" data-element_type=\"column\" data-settings=\"{&quot;background_background&quot;:&quot;classic&quot;}\">\n\t\t\t<div class=\"elementor-widget-wrap elementor-element-populated\">\n\t\t\t\t\t\t\t\t<div class=\"elementor-element elementor-element-2bc4d5c elementor-widget elementor-widget-heading\" data-id=\"2bc4d5c\" data-element_type=\"widget\" data-widget_type=\"heading.default\">\n\t\t\t\t<div class=\"elementor-widget-container\">\n\t\t\t<h2 class=\"elementor-heading-title elementor-size-default\">Presse:<\/h2>\t\t<\/div>\n\t\t\t\t<\/div>\n\t\t\t\t<section class=\"elementor-section elementor-inner-section elementor-element elementor-element-532774e elementor-section-content-bottom elementor-section-boxed elementor-section-height-default elementor-section-height-default\" data-id=\"532774e\" data-element_type=\"section\">\n\t\t\t\t\t\t<div class=\"elementor-container elementor-column-gap-default\">\n\t\t\t\t\t<div class=\"elementor-column elementor-col-50 elementor-inner-column elementor-element elementor-element-01ef703\" data-id=\"01ef703\" data-element_type=\"column\">\n\t\t\t<div class=\"elementor-widget-wrap elementor-element-populated\">\n\t\t\t\t\t\t\t\t<div class=\"elementor-element elementor-element-6a13084 elementor-widget elementor-widget-heading\" data-id=\"6a13084\" data-element_type=\"widget\" data-widget_type=\"heading.default\">\n\t\t\t\t<div class=\"elementor-widget-container\">\n\t\t\t<h4 class=\"elementor-heading-title elementor-size-default\"><a href=\"https:\/\/www.muenchen.tv\/mediathek\/video\/torhaus-muenchen-e-v-will-schwabinger-kulturleben-wieder-erwecken\/\" target=\"_blank\">vielen Dank an M\u00fcnchenTV f\u00fcr den tollen Beitrag<\/a><\/h4>\t\t<\/div>\n\t\t\t\t<\/div>\n\t\t\t\t<div class=\"elementor-element elementor-element-a30c0cb elementor-widget elementor-widget-image\" data-id=\"a30c0cb\" data-element_type=\"widget\" data-widget_type=\"image.default\">\n\t\t\t\t<div class=\"elementor-widget-container\">\n\t\t\t\t\t\t\t\t\t\t\t\t\t\t\t\t<a href=\"https:\/\/www.muenchen.tv\/mediathek\/video\/torhaus-muenchen-e-v-will-schwabinger-kulturleben-wieder-erwecken\/\" target=\"_blank\">\n\t\t\t\t\t\t\t<img width=\"200\" height=\"101\" src=\"https:\/\/torhaus-muc.org\/wp-content\/uploads\/2020\/02\/logo-muenchen-tv.png\" class=\"attachment-large size-large wp-image-179\" alt=\"\" loading=\"lazy\" \/>\t\t\t\t\t\t\t\t<\/a>\n\t\t\t\t\t\t\t\t\t\t\t\t\t\t\t<\/div>\n\t\t\t\t<\/div>\n\t\t\t\t<div class=\"elementor-element elementor-element-d67e16c elementor-widget elementor-widget-video\" data-id=\"d67e16c\" data-element_type=\"widget\" data-settings=\"{&quot;youtube_url&quot;:&quot;https:\\\/\\\/www.youtube.com\\\/watch?v=lUMmvvBhOYE&quot;,&quot;video_type&quot;:&quot;youtube&quot;,&quot;controls&quot;:&quot;yes&quot;}\" data-widget_type=\"video.default\">\n\t\t\t\t<div class=\"elementor-widget-container\">\n\t\t\t\t\t<div class=\"elementor-wrapper elementor-open-inline\">\n\t\t\t<div class=\"elementor-video\"><\/div>\t\t<\/div>\n\t\t\t\t<\/div>\n\t\t\t\t<\/div>\n\t\t\t\t\t<\/div>\n\t\t<\/div>\n\t\t\t\t<div class=\"elementor-column elementor-col-50 elementor-inner-column elementor-element elementor-element-417a3a8\" data-id=\"417a3a8\" data-element_type=\"column\">\n\t\t\t<div class=\"elementor-widget-wrap elementor-element-populated\">\n\t\t\t\t\t\t\t\t<div class=\"elementor-element elementor-element-009133a elementor-hidden-desktop elementor-hidden-tablet elementor-hidden-phone elementor-widget elementor-widget-html\" data-id=\"009133a\" data-element_type=\"widget\" data-widget_type=\"html.default\">\n\t\t\t\t<div class=\"elementor-widget-container\">\n\t\t\t<iframe loading=\"lazy\" width=\"302\" height=\"462\" align=\"\" frameborder=\"0\" scrolling=\"no\" allowtransparency=\"true\"\n    margin-left: auto;    \n    margin-right: auto;style=\"height:462px;width:302px;\" src=\"https:\/\/muenchner-bank.viele-schaffen-mehr.de\/de\/torhaus-fuer-kunst-und-kultur\/widget\/?w=302&h=462\"><\/iframe>\t\t<\/div>\n\t\t\t\t<\/div>\n\t\t\t\t<div class=\"elementor-element elementor-element-4d63dfe elementor-widget elementor-widget-image\" data-id=\"4d63dfe\" data-element_type=\"widget\" data-widget_type=\"image.default\">\n\t\t\t\t<div class=\"elementor-widget-container\">\n\t\t\t\t\t\t\t\t\t\t\t\t\t\t\t\t<a href=\"http:\/\/torhaus-muc.org\/wp-content\/uploads\/2020\/05\/Kultur-f\u00fcr-das-Schwabinger-Tor.png\" data-elementor-open-lightbox=\"yes\" data-elementor-lightbox-title=\"Kultur f\u00fcr das Schwabinger Tor\" data-e-action-hash=\"#elementor-action%3Aaction%3Dlightbox%26settings%3DeyJpZCI6MjQ2LCJ1cmwiOiJodHRwczpcL1wvdG9yaGF1cy1tdWMub3JnXC93cC1jb250ZW50XC91cGxvYWRzXC8yMDIwXC8wNVwvS3VsdHVyLWZcdTAwZmNyLWRhcy1TY2h3YWJpbmdlci1Ub3IucG5nIn0%3D\">\n\t\t\t\t\t\t\t<img width=\"1024\" height=\"952\" src=\"https:\/\/torhaus-muc.org\/wp-content\/uploads\/2020\/05\/Kultur-f\u00fcr-das-Schwabinger-Tor-1024x952.png\" class=\"attachment-large size-large wp-image-246\" alt=\"\" loading=\"lazy\" srcset=\"https:\/\/torhaus-muc.org\/wp-content\/uploads\/2020\/05\/Kultur-f\u00fcr-das-Schwabinger-Tor-1024x952.png 1024w, https:\/\/torhaus-muc.org\/wp-content\/uploads\/2020\/05\/Kultur-f\u00fcr-das-Schwabinger-Tor-300x279.png 300w, https:\/\/torhaus-muc.org\/wp-content\/uploads\/2020\/05\/Kultur-f\u00fcr-das-Schwabinger-Tor-768x714.png 768w, https:\/\/torhaus-muc.org\/wp-content\/uploads\/2020\/05\/Kultur-f\u00fcr-das-Schwabinger-Tor-1536x1428.png 1536w, https:\/\/torhaus-muc.org\/wp-content\/uploads\/2020\/05\/Kultur-f\u00fcr-das-Schwabinger-Tor.png 1962w\" sizes=\"(max-width: 1024px) 100vw, 1024px\" \/>\t\t\t\t\t\t\t\t<\/a>\n\t\t\t\t\t\t\t\t\t\t\t\t\t\t\t<\/div>\n\t\t\t\t<\/div>\n\t\t\t\t\t<\/div>\n\t\t<\/div>\n\t\t\t\t\t\t\t<\/div>\n\t\t<\/section>\n\t\t\t\t\t<\/div>\n\t\t<\/div>\n\t\t\t\t\t\t\t<\/div>\n\t\t<\/section>\n\t\t\t\t<section class=\"elementor-section elementor-top-section elementor-element elementor-element-bf41793 elementor-section-boxed elementor-section-height-default elementor-section-height-default\" data-id=\"bf41793\" data-element_type=\"section\">\n\t\t\t\t\t\t<div class=\"elementor-container elementor-column-gap-default\">\n\t\t\t\t\t<div class=\"elementor-column elementor-col-100 elementor-top-column elementor-element elementor-element-e6381fe\" data-id=\"e6381fe\" data-element_type=\"column\">\n\t\t\t<div class=\"elementor-widget-wrap elementor-element-populated\">\n\t\t\t\t\t\t\t\t<div class=\"elementor-element elementor-element-848f12f elementor-widget-divider--view-line elementor-widget elementor-widget-divider\" data-id=\"848f12f\" data-element_type=\"widget\" data-widget_type=\"divider.default\">\n\t\t\t\t<div class=\"elementor-widget-container\">\n\t\t\t\t\t<div class=\"elementor-divider\">\n\t\t\t<span class=\"elementor-divider-separator\">\n\t\t\t\t\t\t<\/span>\n\t\t<\/div>\n\t\t\t\t<\/div>\n\t\t\t\t<\/div>\n\t\t\t\t<div class=\"elementor-element elementor-element-d5f214f elementor-widget elementor-widget-heading\" data-id=\"d5f214f\" data-element_type=\"widget\" data-widget_type=\"heading.default\">\n\t\t\t\t<div class=\"elementor-widget-container\">\n\t\t\t<h2 class=\"elementor-heading-title elementor-size-default\">Das sind wir:<\/h2>\t\t<\/div>\n\t\t\t\t<\/div>\n\t\t\t\t<div class=\"elementor-element elementor-element-9cfc2fa elementor-widget elementor-widget-lae-team-members\" data-id=\"9cfc2fa\" data-element_type=\"widget\" data-widget_type=\"lae-team-members.default\">\n\t\t\t\t<div class=\"elementor-widget-container\">\n\t\t\t\n\n<div        class=\"lae-team-members lae-team-members-style1 lae-uber-grid-container  lae-grid-auto-column-layout\" >\n\n    \n        \n        \n        \n<div class=\"lae-team-member-wrapper\">\n\n    \n    <div class=\"lae-team-member \" >\n\n        <div class=\"lae-image-wrapper\">\n\n            \n                \n                \n                    <img width=\"2064\" height=\"1161\" src=\"https:\/\/torhaus-muc.org\/wp-content\/uploads\/2020\/02\/Torhaus-event-DSC05279web.jpg\" class=\"lae-image attachment-full size-full\" alt=\"Torhaus-event-DSC05279web\" loading=\"lazy\" title=\"Torhaus-event-DSC05279web\" srcset=\"https:\/\/torhaus-muc.org\/wp-content\/uploads\/2020\/02\/Torhaus-event-DSC05279web.jpg 2064w, https:\/\/torhaus-muc.org\/wp-content\/uploads\/2020\/02\/Torhaus-event-DSC05279web-300x169.jpg 300w, https:\/\/torhaus-muc.org\/wp-content\/uploads\/2020\/02\/Torhaus-event-DSC05279web-1024x576.jpg 1024w, https:\/\/torhaus-muc.org\/wp-content\/uploads\/2020\/02\/Torhaus-event-DSC05279web-768x432.jpg 768w, https:\/\/torhaus-muc.org\/wp-content\/uploads\/2020\/02\/Torhaus-event-DSC05279web-1536x864.jpg 1536w, https:\/\/torhaus-muc.org\/wp-content\/uploads\/2020\/02\/Torhaus-event-DSC05279web-2048x1152.jpg 2048w\" sizes=\"(max-width: 2064px) 100vw, 2064px\" \/>\n                \n            \n            \n<div class=\"lae-social-wrap\">\n    <div class=\"lae-social-list\">\n\n                        \n        \n        \n        \n        \n        \n        \n    <\/div><!-- .lae-social-list -->\n<\/div><!-- .lae-social-wrap -->\n\n\n\n        <\/div><!-- .lae-image-wrapper -->\n\n        <div class=\"lae-team-member-text\">\n\n            \n            \n                <h3 class=\"lae-title\">Kern-Team<\/h3>\n            \n            <div class=\"lae-team-member-position\">\n\n                EV-Gr\u00fcnder\/Vorstand\n            <\/div>\n\n            <div class=\"lae-team-member-details\">\n\n                Vanilla Houwer, Wolfgang Bischoff, Thomas von Wittern.\n<br>\nWir stehen auf Kunst, Kultur und ganz besonders Schwabing, weshalb wir uns dazu entschlossen haben den Torhaus M\u00fcnchen e.V. zu gr\u00fcnden.\n            <\/div>\n\n        <\/div><!-- .lae-team-member-text -->\n\n    <\/div><!-- .lae-team-member -->\n\n<\/div><!-- .lae-team-member-wrapper -->\n    \n        \n        \n        \n<div class=\"lae-team-member-wrapper\">\n\n    \n    <div class=\"lae-team-member \" >\n\n        <div class=\"lae-image-wrapper\">\n\n            \n                \n                \n                    <img width=\"2064\" height=\"1161\" src=\"https:\/\/torhaus-muc.org\/wp-content\/uploads\/2020\/02\/Standort_7824.jpg\" class=\"lae-image attachment-full size-full\" alt=\"Standort_7824\" loading=\"lazy\" title=\"Standort_7824\" srcset=\"https:\/\/torhaus-muc.org\/wp-content\/uploads\/2020\/02\/Standort_7824.jpg 2064w, https:\/\/torhaus-muc.org\/wp-content\/uploads\/2020\/02\/Standort_7824-300x169.jpg 300w, https:\/\/torhaus-muc.org\/wp-content\/uploads\/2020\/02\/Standort_7824-1024x576.jpg 1024w, https:\/\/torhaus-muc.org\/wp-content\/uploads\/2020\/02\/Standort_7824-768x432.jpg 768w, https:\/\/torhaus-muc.org\/wp-content\/uploads\/2020\/02\/Standort_7824-1536x864.jpg 1536w, https:\/\/torhaus-muc.org\/wp-content\/uploads\/2020\/02\/Standort_7824-2048x1152.jpg 2048w\" sizes=\"(max-width: 2064px) 100vw, 2064px\" \/>\n                \n            \n            \n<div class=\"lae-social-wrap\">\n    <div class=\"lae-social-list\">\n\n                        \n        \n        \n        \n        \n        \n        \n    <\/div><!-- .lae-social-list -->\n<\/div><!-- .lae-social-wrap -->\n\n\n\n        <\/div><!-- .lae-image-wrapper -->\n\n        <div class=\"lae-team-member-text\">\n\n            \n            \n                <h3 class=\"lae-title\">Orga-Team<\/h3>\n            \n            <div class=\"lae-team-member-position\">\n\n                Verwaltung\/Veranstaltung\n            <\/div>\n\n            <div class=\"lae-team-member-details\">\n\n                Heidi Penzkofer., Andreas Ohrenschall., Rudolf Becker. Wir verstehen Kunst und verf\u00fcgen \u00fcber viele Jahre internationaler Erfahrung. Scouting und Gestaltung ist unser Tagesgesch\u00e4ft.\n            <\/div>\n\n        <\/div><!-- .lae-team-member-text -->\n\n    <\/div><!-- .lae-team-member -->\n\n<\/div><!-- .lae-team-member-wrapper -->\n    \n        \n        \n        \n<div class=\"lae-team-member-wrapper\">\n\n    \n    <div class=\"lae-team-member \" >\n\n        <div class=\"lae-image-wrapper\">\n\n            \n                \n                \n                    <img width=\"2067\" height=\"1158\" src=\"https:\/\/torhaus-muc.org\/wp-content\/uploads\/2020\/02\/nicholas-green-nPz8akkUmDI-unsplash-scaled-e1581609876752.jpg\" class=\"lae-image attachment-full size-full\" alt=\"nicholas-green-nPz8akkUmDI-unsplash\" loading=\"lazy\" title=\"nicholas-green-nPz8akkUmDI-unsplash\" srcset=\"https:\/\/torhaus-muc.org\/wp-content\/uploads\/2020\/02\/nicholas-green-nPz8akkUmDI-unsplash-scaled-e1581609876752.jpg 2067w, https:\/\/torhaus-muc.org\/wp-content\/uploads\/2020\/02\/nicholas-green-nPz8akkUmDI-unsplash-scaled-e1581609876752-300x168.jpg 300w, https:\/\/torhaus-muc.org\/wp-content\/uploads\/2020\/02\/nicholas-green-nPz8akkUmDI-unsplash-scaled-e1581609876752-1024x574.jpg 1024w, https:\/\/torhaus-muc.org\/wp-content\/uploads\/2020\/02\/nicholas-green-nPz8akkUmDI-unsplash-scaled-e1581609876752-768x430.jpg 768w, https:\/\/torhaus-muc.org\/wp-content\/uploads\/2020\/02\/nicholas-green-nPz8akkUmDI-unsplash-scaled-e1581609876752-1536x861.jpg 1536w, https:\/\/torhaus-muc.org\/wp-content\/uploads\/2020\/02\/nicholas-green-nPz8akkUmDI-unsplash-scaled-e1581609876752-2048x1147.jpg 2048w\" sizes=\"(max-width: 2067px) 100vw, 2067px\" \/>\n                \n            \n            \n<div class=\"lae-social-wrap\">\n    <div class=\"lae-social-list\">\n\n                        \n        \n        \n        \n        \n        \n        \n    <\/div><!-- .lae-social-list -->\n<\/div><!-- .lae-social-wrap -->\n\n\n\n        <\/div><!-- .lae-image-wrapper -->\n\n        <div class=\"lae-team-member-text\">\n\n            \n            \n                <h3 class=\"lae-title\">Vereinsmitglieder<\/h3>\n            \n            <div class=\"lae-team-member-position\">\n\n                Kunst-und Kulturfreunde, Schwabinger und M\u00fcnchner\n            <\/div>\n\n            <div class=\"lae-team-member-details\">\n\n                Wir sind jung und alt, werden immer mehr, helfen allen und unterst\u00fctzen und verbinden alle die ein Interesse an der Gestaltung der Gesellschaft und dem Miteinander haben. \n            <\/div>\n\n        <\/div><!-- .lae-team-member-text -->\n\n    <\/div><!-- .lae-team-member -->\n\n<\/div><!-- .lae-team-member-wrapper -->\n    \n<\/div><!-- .lae-team-members -->\n\n<div class=\"lae-clear\"><\/div>\t\t<\/div>\n\t\t\t\t<\/div>\n\t\t\t\t<div class=\"elementor-element elementor-element-32acf2d elementor-widget-divider--view-line elementor-widget elementor-widget-divider\" data-id=\"32acf2d\" data-element_type=\"widget\" data-widget_type=\"divider.default\">\n\t\t\t\t<div class=\"elementor-widget-container\">\n\t\t\t\t\t<div class=\"elementor-divider\">\n\t\t\t<span class=\"elementor-divider-separator\">\n\t\t\t\t\t\t<\/span>\n\t\t<\/div>\n\t\t\t\t<\/div>\n\t\t\t\t<\/div>\n\t\t\t\t\t<\/div>\n\t\t<\/div>\n\t\t\t\t\t\t\t<\/div>\n\t\t<\/section>\n\t\t\t\t\t\t\t<\/div>\n\t\t","protected":false},"excerpt":{"rendered":"<p>Wir sagen: M\u00dcNCHEN BRAUCHT KULTUR und sie k\u00f6nnen mitmachen! Kunst Substantiv, feminin [die] sch\u00f6pferisches Gestalten aus den verschiedensten Materialien oder mit den Mitteln der Sprache, der T\u00f6ne in Auseinandersetzung mit Natur und Welt Kultur Substantiv, feminin [die] Gesamtheit der geistigen, k\u00fcnstlerischen, gestaltenden Leistungen einer Gemeinschaft als Ausdruck menschlicher H\u00f6herentwicklung Mensch Substantiv, maskulin [der] mit der &hellip;<\/p>\n<p class=\"read-more\"> <a class=\"\" href=\"https:\/\/torhaus-muc.org\/\"> <span class=\"screen-reader-text\">Torhaus-Home<\/span> Weiterlesen &raquo;<\/a><\/p>\n","protected":false},"author":1,"featured_media":0,"parent":0,"menu_order":0,"comment_status":"closed","ping_status":"closed","template":"elementor_header_footer","meta":[],"_links":{"self":[{"href":"https:\/\/torhaus-muc.org\/index.php?rest_route=\/wp\/v2\/pages\/5"}],"collection":[{"href":"https:\/\/torhaus-muc.org\/index.php?rest_route=\/wp\/v2\/pages"}],"about":[{"href":"https:\/\/torhaus-muc.org\/index.php?rest_route=\/wp\/v2\/types\/page"}],"author":[{"embeddable":true,"href":"https:\/\/torhaus-muc.org\/index.php?rest_route=\/wp\/v2\/users\/1"}],"replies":[{"embeddable":true,"href":"https:\/\/torhaus-muc.org\/index.php?rest_route=%2Fwp%2Fv2%2Fcomments&post=5"}],"version-history":[{"count":180,"href":"https:\/\/torhaus-muc.org\/index.php?rest_route=\/wp\/v2\/pages\/5\/revisions"}],"predecessor-version":[{"id":787,"href":"https:\/\/torhaus-muc.org\/index.php?rest_route=\/wp\/v2\/pages\/5\/revisions\/787"}],"wp:attachment":[{"href":"https:\/\/torhaus-muc.org\/index.php?rest_route=%2Fwp%2Fv2%2Fmedia&parent=5"}],"curies":[{"name":"wp","href":"https:\/\/api.w.org\/{rel}","templated":true}]}}