{"id":318,"date":"2020-06-19T11:24:56","date_gmt":"2020-06-19T11:24:56","guid":{"rendered":"https:\/\/torhaus-muc.org\/?page_id=318"},"modified":"2020-09-17T19:51:06","modified_gmt":"2020-09-17T19:51:06","slug":"charging-spaces","status":"publish","type":"page","link":"https:\/\/torhaus-muc.org\/?page_id=318","title":{"rendered":"Schwabing Platz-Spiele"},"content":{"rendered":"\t\t<div data-elementor-type=\"wp-page\" data-elementor-id=\"318\" class=\"elementor elementor-318\">\n\t\t\t\t\t\t\t\t\t<section class=\"elementor-section elementor-top-section elementor-element elementor-element-b9caddb elementor-section-full_width elementor-section-content-top elementor-section-height-default elementor-section-height-default\" data-id=\"b9caddb\" data-element_type=\"section\">\n\t\t\t\t\t\t<div class=\"elementor-container elementor-column-gap-no\">\n\t\t\t\t\t<div class=\"elementor-column elementor-col-100 elementor-top-column elementor-element elementor-element-41dc5af\" data-id=\"41dc5af\" data-element_type=\"column\">\n\t\t\t<div class=\"elementor-widget-wrap elementor-element-populated\">\n\t\t\t\t\t\t\t\t<div class=\"elementor-element elementor-element-7301334 elementor-widget elementor-widget-image\" data-id=\"7301334\" data-element_type=\"widget\" data-widget_type=\"image.default\">\n\t\t\t\t<div class=\"elementor-widget-container\">\n\t\t\t\t\t\t\t\t\t\t\t\t\t\t\t<img width=\"1772\" height=\"658\" src=\"https:\/\/torhaus-muc.org\/wp-content\/uploads\/2020\/07\/SeidlvillaVorplatz-1.jpg\" class=\"attachment-full size-full wp-image-357\" alt=\"\" loading=\"lazy\" srcset=\"https:\/\/torhaus-muc.org\/wp-content\/uploads\/2020\/07\/SeidlvillaVorplatz-1.jpg 1772w, https:\/\/torhaus-muc.org\/wp-content\/uploads\/2020\/07\/SeidlvillaVorplatz-1-300x111.jpg 300w, https:\/\/torhaus-muc.org\/wp-content\/uploads\/2020\/07\/SeidlvillaVorplatz-1-1024x380.jpg 1024w, https:\/\/torhaus-muc.org\/wp-content\/uploads\/2020\/07\/SeidlvillaVorplatz-1-768x285.jpg 768w, https:\/\/torhaus-muc.org\/wp-content\/uploads\/2020\/07\/SeidlvillaVorplatz-1-1536x570.jpg 1536w\" sizes=\"(max-width: 1772px) 100vw, 1772px\" \/>\t\t\t\t\t\t\t\t\t\t\t\t\t\t\t<\/div>\n\t\t\t\t<\/div>\n\t\t\t\t\t<\/div>\n\t\t<\/div>\n\t\t\t\t\t\t\t<\/div>\n\t\t<\/section>\n\t\t\t\t<section class=\"elementor-section elementor-top-section elementor-element elementor-element-b69248a elementor-section-boxed elementor-section-height-default elementor-section-height-default\" data-id=\"b69248a\" data-element_type=\"section\">\n\t\t\t\t\t\t<div class=\"elementor-container elementor-column-gap-default\">\n\t\t\t\t\t<div class=\"elementor-column elementor-col-100 elementor-top-column elementor-element elementor-element-760d140\" data-id=\"760d140\" data-element_type=\"column\">\n\t\t\t<div class=\"elementor-widget-wrap elementor-element-populated\">\n\t\t\t\t\t\t\t\t<div class=\"elementor-element elementor-element-e12f053 elementor-widget elementor-widget-heading\" data-id=\"e12f053\" data-element_type=\"widget\" data-widget_type=\"heading.default\">\n\t\t\t\t<div class=\"elementor-widget-container\">\n\t\t\t<h2 class=\"elementor-heading-title elementor-size-default\">Schwabinger Platz-Spiele<\/h2>\t\t<\/div>\n\t\t\t\t<\/div>\n\t\t\t\t\t<\/div>\n\t\t<\/div>\n\t\t\t\t\t\t\t<\/div>\n\t\t<\/section>\n\t\t\t\t<section class=\"elementor-section elementor-top-section elementor-element elementor-element-597f523 elementor-section-boxed elementor-section-height-default elementor-section-height-default\" data-id=\"597f523\" data-element_type=\"section\">\n\t\t\t\t\t\t<div class=\"elementor-container elementor-column-gap-default\">\n\t\t\t\t\t<div class=\"elementor-column elementor-col-100 elementor-top-column elementor-element elementor-element-d2bf9a6\" data-id=\"d2bf9a6\" data-element_type=\"column\">\n\t\t\t<div class=\"elementor-widget-wrap elementor-element-populated\">\n\t\t\t\t\t\t\t\t<div class=\"elementor-element elementor-element-2912a75 elementor-widget elementor-widget-text-editor\" data-id=\"2912a75\" data-element_type=\"widget\" data-widget_type=\"text-editor.default\">\n\t\t\t\t<div class=\"elementor-widget-container\">\n\t\t\t\t\t\t\t<p>Unser erstes Projekt ist die poetische und bildnerische Begegnung an verschiedenen Orten in Schwabing. Der Dreischritt <strong>&#8222;wie es war, wie es ist und wie es wird&#8220;<\/strong> f\u00fchrt zu einer Sammlung historischer und gegenw\u00e4rtiger Geschichte, individuell sowie im st\u00e4dtischen Kontext, die von K\u00fcnstler*innen neu durchdrungen und sozusagen besungen werden soll. Wir erstellen die &#8222;begehbare&#8220; Klaviatur eine Ortes und lassen ihn aufladen durch Manifestationen sch\u00f6pferischen Geistes &#8211; daher: CHARGING SPACES f\u00fcr die Schwabinger Platz-Spiele.<\/p>\t\t\t\t\t\t<\/div>\n\t\t\t\t<\/div>\n\t\t\t\t\t<\/div>\n\t\t<\/div>\n\t\t\t\t\t\t\t<\/div>\n\t\t<\/section>\n\t\t\t\t<section class=\"elementor-section elementor-top-section elementor-element elementor-element-5a478bc elementor-section-boxed elementor-section-height-default elementor-section-height-default\" data-id=\"5a478bc\" data-element_type=\"section\">\n\t\t\t\t\t\t<div class=\"elementor-container elementor-column-gap-default\">\n\t\t\t\t\t<div class=\"elementor-column elementor-col-100 elementor-top-column elementor-element elementor-element-473982f\" data-id=\"473982f\" data-element_type=\"column\">\n\t\t\t<div class=\"elementor-widget-wrap elementor-element-populated\">\n\t\t\t\t\t\t\t\t<section class=\"elementor-section elementor-inner-section elementor-element elementor-element-2f47636 elementor-section-boxed elementor-section-height-default elementor-section-height-default\" data-id=\"2f47636\" data-element_type=\"section\">\n\t\t\t\t\t\t<div class=\"elementor-container elementor-column-gap-default\">\n\t\t\t\t\t<div class=\"elementor-column elementor-col-20 elementor-inner-column elementor-element elementor-element-4a10005\" data-id=\"4a10005\" data-element_type=\"column\">\n\t\t\t<div class=\"elementor-widget-wrap elementor-element-populated\">\n\t\t\t\t\t\t\t\t<div class=\"elementor-element elementor-element-f4442ae elementor-widget elementor-widget-heading\" data-id=\"f4442ae\" data-element_type=\"widget\" data-widget_type=\"heading.default\">\n\t\t\t\t<div class=\"elementor-widget-container\">\n\t\t\t<h6 class=\"elementor-heading-title elementor-size-default\"><a href=\"https:\/\/torhaus-muc.org\/?page_id=372\">Elisabethplatz<\/a><\/h6>\t\t<\/div>\n\t\t\t\t<\/div>\n\t\t\t\t\t<\/div>\n\t\t<\/div>\n\t\t\t\t<div class=\"elementor-column elementor-col-20 elementor-inner-column elementor-element elementor-element-24f3673\" data-id=\"24f3673\" data-element_type=\"column\">\n\t\t\t<div class=\"elementor-widget-wrap elementor-element-populated\">\n\t\t\t\t\t\t\t\t<div class=\"elementor-element elementor-element-cdd6f28 elementor-widget elementor-widget-heading\" data-id=\"cdd6f28\" data-element_type=\"widget\" data-widget_type=\"heading.default\">\n\t\t\t\t<div class=\"elementor-widget-container\">\n\t\t\t<h6 class=\"elementor-heading-title elementor-size-default\"><a href=\"https:\/\/torhaus-muc.org\/?page_id=385\">Oskar Schlemmer Stra\u00dfe<\/a><\/h6>\t\t<\/div>\n\t\t\t\t<\/div>\n\t\t\t\t\t<\/div>\n\t\t<\/div>\n\t\t\t\t<div class=\"elementor-column elementor-col-20 elementor-inner-column elementor-element elementor-element-b55434f\" data-id=\"b55434f\" data-element_type=\"column\">\n\t\t\t<div class=\"elementor-widget-wrap elementor-element-populated\">\n\t\t\t\t\t\t\t\t<div class=\"elementor-element elementor-element-4cd3fbf elementor-widget elementor-widget-heading\" data-id=\"4cd3fbf\" data-element_type=\"widget\" data-widget_type=\"heading.default\">\n\t\t\t\t<div class=\"elementor-widget-container\">\n\t\t\t<h6 class=\"elementor-heading-title elementor-size-default\">Seidlvilla<\/h6>\t\t<\/div>\n\t\t\t\t<\/div>\n\t\t\t\t\t<\/div>\n\t\t<\/div>\n\t\t\t\t<div class=\"elementor-column elementor-col-20 elementor-inner-column elementor-element elementor-element-2b5460c\" data-id=\"2b5460c\" data-element_type=\"column\">\n\t\t\t<div class=\"elementor-widget-wrap elementor-element-populated\">\n\t\t\t\t\t\t\t\t<div class=\"elementor-element elementor-element-a1dfbf7 elementor-widget elementor-widget-heading\" data-id=\"a1dfbf7\" data-element_type=\"widget\" data-widget_type=\"heading.default\">\n\t\t\t\t<div class=\"elementor-widget-container\">\n\t\t\t<h6 class=\"elementor-heading-title elementor-size-default\">Atrium<\/h6>\t\t<\/div>\n\t\t\t\t<\/div>\n\t\t\t\t\t<\/div>\n\t\t<\/div>\n\t\t\t\t<div class=\"elementor-column elementor-col-20 elementor-inner-column elementor-element elementor-element-cc99d06\" data-id=\"cc99d06\" data-element_type=\"column\">\n\t\t\t<div class=\"elementor-widget-wrap elementor-element-populated\">\n\t\t\t\t\t\t\t\t<div class=\"elementor-element elementor-element-fb3c829 elementor-widget elementor-widget-heading\" data-id=\"fb3c829\" data-element_type=\"widget\" data-widget_type=\"heading.default\">\n\t\t\t\t<div class=\"elementor-widget-container\">\n\t\t\t<h6 class=\"elementor-heading-title elementor-size-default\">Nikolaistra\u00dfe<\/h6>\t\t<\/div>\n\t\t\t\t<\/div>\n\t\t\t\t\t<\/div>\n\t\t<\/div>\n\t\t\t\t\t\t\t<\/div>\n\t\t<\/section>\n\t\t\t\t<section class=\"elementor-section elementor-inner-section elementor-element elementor-element-e43852f elementor-section-boxed elementor-section-height-default elementor-section-height-default\" data-id=\"e43852f\" data-element_type=\"section\" data-settings=\"{&quot;background_background&quot;:&quot;classic&quot;}\">\n\t\t\t\t\t\t<div class=\"elementor-container elementor-column-gap-default\">\n\t\t\t\t\t<div class=\"elementor-column elementor-col-20 elementor-inner-column elementor-element elementor-element-265f349\" data-id=\"265f349\" data-element_type=\"column\">\n\t\t\t<div class=\"elementor-widget-wrap elementor-element-populated\">\n\t\t\t\t\t\t\t\t<div class=\"elementor-element elementor-element-d7202cb elementor-widget elementor-widget-image\" data-id=\"d7202cb\" data-element_type=\"widget\" data-widget_type=\"image.default\">\n\t\t\t\t<div class=\"elementor-widget-container\">\n\t\t\t\t\t\t\t\t\t\t\t\t\t\t\t\t<a href=\"https:\/\/torhaus-muc.org\/?page_id=372\">\n\t\t\t\t\t\t\t<img width=\"630\" height=\"455\" src=\"https:\/\/torhaus-muc.org\/wp-content\/uploads\/2020\/07\/elisabethmarkt.jpg\" class=\"attachment-large size-large wp-image-359\" alt=\"\" loading=\"lazy\" srcset=\"https:\/\/torhaus-muc.org\/wp-content\/uploads\/2020\/07\/elisabethmarkt.jpg 630w, https:\/\/torhaus-muc.org\/wp-content\/uploads\/2020\/07\/elisabethmarkt-300x217.jpg 300w\" sizes=\"(max-width: 630px) 100vw, 630px\" \/>\t\t\t\t\t\t\t\t<\/a>\n\t\t\t\t\t\t\t\t\t\t\t\t\t\t\t<\/div>\n\t\t\t\t<\/div>\n\t\t\t\t\t<\/div>\n\t\t<\/div>\n\t\t\t\t<div class=\"elementor-column elementor-col-20 elementor-inner-column elementor-element elementor-element-58e0a4f\" data-id=\"58e0a4f\" data-element_type=\"column\">\n\t\t\t<div class=\"elementor-widget-wrap elementor-element-populated\">\n\t\t\t\t\t\t\t\t<div class=\"elementor-element elementor-element-69a1f7d elementor-widget elementor-widget-image\" data-id=\"69a1f7d\" data-element_type=\"widget\" data-widget_type=\"image.default\">\n\t\t\t\t<div class=\"elementor-widget-container\">\n\t\t\t\t\t\t\t\t\t\t\t\t\t\t\t\t<a href=\"https:\/\/torhaus-muc.org\/?page_id=385\">\n\t\t\t\t\t\t\t<img width=\"630\" height=\"455\" src=\"https:\/\/torhaus-muc.org\/wp-content\/uploads\/2020\/07\/oskarschlemmer.jpg\" class=\"attachment-large size-large wp-image-361\" alt=\"\" loading=\"lazy\" srcset=\"https:\/\/torhaus-muc.org\/wp-content\/uploads\/2020\/07\/oskarschlemmer.jpg 630w, https:\/\/torhaus-muc.org\/wp-content\/uploads\/2020\/07\/oskarschlemmer-300x217.jpg 300w\" sizes=\"(max-width: 630px) 100vw, 630px\" \/>\t\t\t\t\t\t\t\t<\/a>\n\t\t\t\t\t\t\t\t\t\t\t\t\t\t\t<\/div>\n\t\t\t\t<\/div>\n\t\t\t\t\t<\/div>\n\t\t<\/div>\n\t\t\t\t<div class=\"elementor-column elementor-col-20 elementor-inner-column elementor-element elementor-element-192ce1f\" data-id=\"192ce1f\" data-element_type=\"column\">\n\t\t\t<div class=\"elementor-widget-wrap elementor-element-populated\">\n\t\t\t\t\t\t\t\t<div class=\"elementor-element elementor-element-51fb558 elementor-widget elementor-widget-image\" data-id=\"51fb558\" data-element_type=\"widget\" data-widget_type=\"image.default\">\n\t\t\t\t<div class=\"elementor-widget-container\">\n\t\t\t\t\t\t\t\t\t\t\t\t\t\t\t\t<a href=\"https:\/\/torhaus-muc.org\/?page_id=471\">\n\t\t\t\t\t\t\t<img width=\"630\" height=\"455\" src=\"https:\/\/torhaus-muc.org\/wp-content\/uploads\/2020\/08\/Seidlvilla-630x455-1.png\" class=\"attachment-large size-large wp-image-495\" alt=\"\" loading=\"lazy\" srcset=\"https:\/\/torhaus-muc.org\/wp-content\/uploads\/2020\/08\/Seidlvilla-630x455-1.png 630w, https:\/\/torhaus-muc.org\/wp-content\/uploads\/2020\/08\/Seidlvilla-630x455-1-300x217.png 300w\" sizes=\"(max-width: 630px) 100vw, 630px\" \/>\t\t\t\t\t\t\t\t<\/a>\n\t\t\t\t\t\t\t\t\t\t\t\t\t\t\t<\/div>\n\t\t\t\t<\/div>\n\t\t\t\t\t<\/div>\n\t\t<\/div>\n\t\t\t\t<div class=\"elementor-column elementor-col-20 elementor-inner-column elementor-element elementor-element-c49737e\" data-id=\"c49737e\" data-element_type=\"column\">\n\t\t\t<div class=\"elementor-widget-wrap\">\n\t\t\t\t\t\t\t\t\t<\/div>\n\t\t<\/div>\n\t\t\t\t<div class=\"elementor-column elementor-col-20 elementor-inner-column elementor-element elementor-element-9e72ad2\" data-id=\"9e72ad2\" data-element_type=\"column\">\n\t\t\t<div class=\"elementor-widget-wrap\">\n\t\t\t\t\t\t\t\t\t<\/div>\n\t\t<\/div>\n\t\t\t\t\t\t\t<\/div>\n\t\t<\/section>\n\t\t\t\t\t<\/div>\n\t\t<\/div>\n\t\t\t\t\t\t\t<\/div>\n\t\t<\/section>\n\t\t\t\t<section class=\"elementor-section elementor-top-section elementor-element elementor-element-06c8b49 elementor-section-boxed elementor-section-height-default elementor-section-height-default\" data-id=\"06c8b49\" data-element_type=\"section\">\n\t\t\t\t\t\t<div class=\"elementor-container elementor-column-gap-default\">\n\t\t\t\t\t<div class=\"elementor-column elementor-col-100 elementor-top-column elementor-element elementor-element-046860f\" data-id=\"046860f\" data-element_type=\"column\">\n\t\t\t<div class=\"elementor-widget-wrap elementor-element-populated\">\n\t\t\t\t\t\t\t\t<section class=\"elementor-section elementor-inner-section elementor-element elementor-element-4f1689e elementor-section-boxed elementor-section-height-default elementor-section-height-default\" data-id=\"4f1689e\" data-element_type=\"section\">\n\t\t\t\t\t\t<div class=\"elementor-container elementor-column-gap-default\">\n\t\t\t\t\t<div class=\"elementor-column elementor-col-50 elementor-inner-column elementor-element elementor-element-c5ec76c\" data-id=\"c5ec76c\" data-element_type=\"column\">\n\t\t\t<div class=\"elementor-widget-wrap elementor-element-populated\">\n\t\t\t\t\t\t\t\t<div class=\"elementor-element elementor-element-1c00451 elementor-widget elementor-widget-text-editor\" data-id=\"1c00451\" data-element_type=\"widget\" data-widget_type=\"text-editor.default\">\n\t\t\t\t<div class=\"elementor-widget-container\">\n\t\t\t\t\t\t\t<p>Allgemeine Vorstellung der Begehungen..<\/p>\t\t\t\t\t\t<\/div>\n\t\t\t\t<\/div>\n\t\t\t\t\t<\/div>\n\t\t<\/div>\n\t\t\t\t<div class=\"elementor-column elementor-col-50 elementor-inner-column elementor-element elementor-element-7d0d8f4\" data-id=\"7d0d8f4\" data-element_type=\"column\">\n\t\t\t<div class=\"elementor-widget-wrap\">\n\t\t\t\t\t\t\t\t\t<\/div>\n\t\t<\/div>\n\t\t\t\t\t\t\t<\/div>\n\t\t<\/section>\n\t\t\t\t\t<\/div>\n\t\t<\/div>\n\t\t\t\t\t\t\t<\/div>\n\t\t<\/section>\n\t\t\t\t\t\t\t<\/div>\n\t\t","protected":false},"excerpt":{"rendered":"<p>Schwabinger Platz-Spiele Unser erstes Projekt ist die poetische und bildnerische Begegnung an verschiedenen Orten in Schwabing. Der Dreischritt &#8222;wie es war, wie es ist und wie es wird&#8220; f\u00fchrt zu einer Sammlung historischer und gegenw\u00e4rtiger Geschichte, individuell sowie im st\u00e4dtischen Kontext, die von K\u00fcnstler*innen neu durchdrungen und sozusagen besungen werden soll. Wir erstellen die &#8222;begehbare&#8220; &hellip;<\/p>\n<p class=\"read-more\"> <a class=\"\" href=\"https:\/\/torhaus-muc.org\/?page_id=318\"> <span class=\"screen-reader-text\">Schwabing Platz-Spiele<\/span> Weiterlesen &raquo;<\/a><\/p>\n","protected":false},"author":2,"featured_media":0,"parent":0,"menu_order":0,"comment_status":"closed","ping_status":"closed","template":"elementor_header_footer","meta":[],"_links":{"self":[{"href":"https:\/\/torhaus-muc.org\/index.php?rest_route=\/wp\/v2\/pages\/318"}],"collection":[{"href":"https:\/\/torhaus-muc.org\/index.php?rest_route=\/wp\/v2\/pages"}],"about":[{"href":"https:\/\/torhaus-muc.org\/index.php?rest_route=\/wp\/v2\/types\/page"}],"author":[{"embeddable":true,"href":"https:\/\/torhaus-muc.org\/index.php?rest_route=\/wp\/v2\/users\/2"}],"replies":[{"embeddable":true,"href":"https:\/\/torhaus-muc.org\/index.php?rest_route=%2Fwp%2Fv2%2Fcomments&post=318"}],"version-history":[{"count":46,"href":"https:\/\/torhaus-muc.org\/index.php?rest_route=\/wp\/v2\/pages\/318\/revisions"}],"predecessor-version":[{"id":744,"href":"https:\/\/torhaus-muc.org\/index.php?rest_route=\/wp\/v2\/pages\/318\/revisions\/744"}],"wp:attachment":[{"href":"https:\/\/torhaus-muc.org\/index.php?rest_route=%2Fwp%2Fv2%2Fmedia&parent=318"}],"curies":[{"name":"wp","href":"https:\/\/api.w.org\/{rel}","templated":true}]}}